usands digit of 1047556?
4
What is the ten thousands digit of 1437231?
3
What is the tens digit of 3917178?
7
What is the hundreds digit of 26302?
3
What is the units digit of 305141?
1
What is the hundreds digit of 2426122?
1
What is the hundreds digit of 92569?
5
What is the tens digit of 73476?
7
What is the thousands digit of 10799354?
9
What is the units digit of 438262?
2
What is the thousands digit of 370068?
0
What is the hundred thousands digit of 1681740?
6
What is the units digit of 11088008?
8
What is the hundred thousands digit of 24573577?
5
What is the ten millions digit of 12003994?
1
What is the ten thousands digit of 5160895?
6
What is the units digit of 18469496?
6
What is the units digit of 218739?
9
What is the thousands digit of 111721?
1
What is the thousands digit of 16462668?
2
What is the tens digit of 4993973?
7
What is the hundreds digit of 458606?
6
What is the ten thousands digit of 130302?
3
What is the hundreds digit of 357845?
8
What is the units digit of 70044?
4
What is the tens digit of 1506977?
7
What is the units digit of 7558412?
2
What is the millions digit of 1799327?
1
What is the thousands digit of 780437?
0
What is the ten thousands digit of 22822890?
2
What is the units digit of 426209?
9
What is the hundreds digit of 538772?
7
What is the hundreds digit of 3439636?
6
What is the units digit of 490044?
4
What is the hundred thousands digit of 5193065?
1
What is the ten millions digit of 16711530?
1
What is the thousands digit of 1951617?
1
What is the millions digit of 2067575?
2
What is the units digit of 386328?
8
What is the units digit of 2450?
0
What is the units digit of 813899?
9
What is the thousands digit of 825561?
5
What is the ten thousands digit of 159187?
5
What is the millions digit of 1689394?
1
What is the thousands digit of 14797?
4
What is the hundred thousands digit of 26856162?
8
What is the tens digit of 14435150?
5
What is the thousands digit of 11150530?
0
What is the hundreds digit of 757759?
7
What is the ten thousands digit of 11664610?
6
What is the units digit of 161650?
0
What is the tens digit of 89521?
2
What is the hundreds digit of 414218?
2
What is the thousands digit of 3580095?
0
What is the hundred thousands digit of 4608394?
6
What is the units digit of 1463064?
4
What is the hundreds digit of 36946?
9
What is the tens digit of 838013?
1
What is the hundreds digit of 163518?
5
What is the tens digit of 986412?
1
What is the hundred thousands digit of 431751?
4
What is the tens digit of 1740407?
0
What is the hundreds digit of 714356?
3
What is the hundred thousands digit of 163622?
1
What is the ten thousands digit of 109399?
0
What is the tens digit of 288421?
2
What is the thousands digit of 90783?
0
What is the thousands digit of 3005340?
5
What is the units digit of 11747190?
0
What is the millions digit of 28030252?
8
What is the units digit of 211871?
1
What is the millions digit of 5028274?
5
What is the ten thousands digit of 10414?
1
What is the units digit of 7249523?
3
What is the millions digit of 2342148?
2
What is the tens digit of 7835190?
9
What is the hundred thousands digit of 1659197?
6
What is the units digit of 1042444?
4
What is the tens digit of 270811?
1
What is the thousands digit of 1119867?
9
What is the thousands digit of 17583686?
3
What is the hundreds digit of 820746?
7
What is the tens digit of 24371468?
6
What is the hundreds digit of 1386329?
3
What is the millions digit of 1472022?
1
What is the hundreds digit of 32310673?
6
What is the tens digit of 70812?
1
What is the hundreds digit of 58172?
1
What is the thousands digit of 775980?
5
What is the hundreds digit of 131247?
2
What is the thousands digit of 386414?
6
What is the thousands digit of 3468524?
8
What is the hundred thousands digit of 1302529?
3
What is the thousands digit of 98930?
8
What is the ten thousands digit of 507991?
0
What is the hundred thousands digit of 1011168?
0
What is the thousands digit of 4577114?
7
What is the tens digit of 10014708?
0
What is the tens digit of 1706727?
2
What is the ten thousands digit of 1269176?
6
What is the thousands digit of 2026815?
6
What is the tens digit of 686566?
6
What is the hundred thousands digit of 1612146?
6
What is the hundred thousands digit of 1625521?
6
What is the hundred thousands digit of 12813374?
8
What is the hundred thousands digit of 7024148?
0
What is the hundreds digit of 7533911?
9
What is the hundred thousands digit of 908493?
9
What is the units digit of 1446404?
4
What is the units digit of 329765?
5
What is the ten millions digit of 20580280?
2
What is the tens digit of 15245965?
6
What is the hundreds digit of 603973?
9
What is the units digit of 318322?
2
What is the tens digit of 4541778?
7
What is the hundred thousands digit of 207472?
2
What is the millions digit of 25549759?
5
What is the millions digit of 5497610?
5
What is the ten millions digit of 16461738?
1
What is the hundred thousands digit of 199836?
1
What is the hundreds digit of 959130?
1
What is the ten thousands digit of 19325007?
2
What is the thousands digit of 3364968?
4
What is the thousands digit of 16631?
6
What is the tens digit of 254222?
2
What is the ten thousands digit of 218800?
1
What is the units digit of 8102054?
4
What is the tens digit of 421077?
7
What is the thousands digit of 1108388?
8
What is the millions digit of 5085220?
5
What is the units digit of 3382880?
0
What is the tens digit of 1959243?
4
What is the millions digit of 9678414?
9
What is the ten thousands digit of 1331159?
3
What is the tens digit of 102369?
6
What is the units digit of 286082?
2
What is the hundred thousands digit of 249497?
2
What is the hundred thousands digit of 33354694?
3
What is the hundreds digit of 13201740?
7
What is the units digit of 76308?
8
What is the hundred thousands digit of 812154?
8
What is the thousands digit of 10300726?
0
What is the thousands digit of 902569?
2
What is the ten thousands digit of 19484330?
8
What is the thousands digit of 42553814?
3
What is the millions digit of 3713679?
3
What is the tens digit of 3196670?
7
What is the tens digit of 270773?
7
What is the units digit of 198147?
7
What is the units digit of 441910?
0
What is the units digit of 260715?
5
What is the hundreds digit of 826244?
2
What is the hundred thousands digit of 609760?
6
What is the hundred thousands digit of 244893?
2
What is the hundred thousands digit of 194647?
1
What is the ten millions digit of 37359483?
3
What is the thousands digit of 2095459?
5
What is the tens digit of 12463972?
7
What is the hundreds digit of 2548731?
7
What is the tens digit of 2983208?
0
What is the hundred thousands digit of 3804964?
8
What is the ten thousands digit of 214736?
1
What is the millions digit of 2194512?
2
What is the tens digit of 6819268?
6
What is the millions digit of 1490990?
1
What is the millions digit of 11474330?
1
What is the thousands digit of 2621988?
1
What is the tens digit of 186443?
4
What is the hundreds digit of 2797262?
2
What is the millions digit of 2060872?
2
What is the ten millions digit of 15877171?
1
What is the hundred thousands digit of 199448?
1
What is the hundreds digit of 157361?
3
What is the tens digit of 143936?
3
What is the millions digit of 2722224?
2
What is the ten thousands digit of 914517?
1
What is the thousands digit of 4363915?
3
What is the units digit of 3846480?
0
What is the millions digit of 2195163?
2
What is the millions digit of 8204580?
8
What is the ten thousands digit of 34552?
3
What is the hundred thousands digit of 31495406?
4
What is the millions digit of 24208053?
4
What is the thousands digit of 26318785?
8
What is the ten thousands digit of 327275?
2
What is the hundred thousands digit of 3430720?
4
What is the tens digit of 51867?
6
What is the ten thousands digit of 919490?
1
What is the units digit of 2031676?
6
What is the tens digit of 209633?
3
What is the units digit of 763932?
2
What is the hundreds digit of 240748?
7
What is the hundreds digit of 128826?
8
What is the millions digit of 1789233?
1
What is the tens digit of 215954?
5
What is the millions digit of 1756556?
1
What is the hundreds digit of 159573?
5
What is the units digit of 17702?
2